2 - 4) - -3 - 6.
-4
Evaluate (-2 - -7) + 8 - 2.
11
Calculate 37 + -35 - (4 - 0).
-2
-3 - (-7 + 2 + -1)
3
What is the value of 1 + -2 + 0 + 0?
-1
Evaluate (-3 - (-2 + 6)) + (4 - -1).
-2
Calculate -21 + 20 + (2 - (1 + 0)).
0
Evaluate -4 + (10 - 0) - 5.
1
Evaluate 1 - -2 - (3 + -1 + -5).
6
Evaluate -6 + (10 - 2) + 7 + -7.
2
Calculate -1 + 0 - (-3 - (-5 + 5)).
2
What is the value of 6 + -17 + -1 + 5?
-7
What is -22 - (-8 + -1 + -5)?
-8
What is the value of 6 + (5 - (9 + 4))?
-2
3 - 2 - 5 - (0 + 1)
-5
Calculate 0 + -1 + 12 - 13.
-2
-14 - (1 + 0 - (11 - 4))
-8
(-8 - -9) + 1 + -1 - 2
-1
Calculate 64 - 73 - (-1 + -1).
-7
Evaluate 2 - 13 - -6 - -6.
1
What is the value of (1 - -2 - (-3 + 3)) + 4?
7
What is (7 - 11) + 3 + 3 + -1?
1
What is the value of -6 - (-1 + -6 + 13 - 13)?
1
Calculate -8 + 4 + -1 + 3 - -3.
1
What is the value of 5 + 5 + (-16 - 1 - -5)?
-2
What is 5 + -4 - (-9 - -7)?
3
What is -17 + 5 + 4 - -9?
1
(17 - 15) + -1 + -4 - 0
-3
What is -2 + -5 + (-7 - (-12 - -1))?
-3
What is 0 + 0 + -1 + -4?
-5
(7 - (-1 + -2 - -7)) + 5
8
-5 + (6 - -1) + 2
4
What is (9 - 11) + -11 + 10?
-3
What is the value of -1 + 8 - ((-5 - 2) + 10)?
4
What is -9 + 6 + -2 + 2?
-3
3 + (-3 + 0 - -3)
3
What is -4 + (1 - 2) - (-35 + 31)?
-1
Evaluate 7 + 3 + (-7 - 5) + 2.
0
What is -8 + (0 - -4) + (1 - 2)?
-5
What is the value of 3 - ((1 - -2) + 4)?
-4
Evaluate -4 + -1 + (-1 - -2).
-4
Evaluate 8 + 2 + (0 - 8).
2
Evaluate -5 - (-1 + (-1 - 3)).
0
What is the value of 3 - (6 - 7) - (1 - -6)?
-3
Calculate (0 - 11) + (6 - 2).
-7
Evaluate -2 + 5 + (2 - 6 - -2).
1
What is the value of 2 + -10 + 2 + 2 + 4?
0
What is the value of -4 + (1 - 4 - -10)?
3
(12 + -4 - 4) + -2 - -3
5
What is the value of 1 + (1 + -1 - (1 - -2))?
-2
(-5 - (-1 - 1)) + 0
-3
What is the value of (3 - 2 - 1) + (8 - 6)?
2
What is the value of (-1 - -1) + (8 - 5) + -2?
1
-10 + (-1 + -11 - -14)
-8
4 + 0 - ((5 - 5) + 2)
2
Calculate (1 - -1) + 5 + -5 + 2.
4
Evaluate 2 + (-2 - -3) - 3 - 0.
0
0 + (-3 - (2 + -3))
-2
What is -2 + -3 + (1 - -10)?
6
5 + -5 + -1 - (1 + -3)
1
What is (-1 - 0) + (-1 - (6 + -13))?
5
Evaluate (0 + -6 - (-38 - -38)) + 8.
2
What is the value of 5 + 2 + 1 + -7?
1
Calculate (-4 - (3 + 5 + -6)) + 9.
3
What is the value of -12 + 4 + 4 - -2?
-2
What is the value of -24 + 26 - (0 + -1) - 4?
-1
Evaluate (-4 + 4 - 0) + -4.
-4
What is (-23 - -14) + (7 - -8)?
6
What is the value of (-1 - -8) + 198 + -196?
9
What is the value of 1 + 1 + -17 + 13 + -3?
-5
What is 3 + 4 + -8 - (7 + 0)?
-8
What is -7 + (3 - 0) + 6?
2
What is -3 - (8 + -6 - (8 - -1))?
4
Evaluate 0 + 5 - (0 + -3 - -5).
3
3 + -3 + 6 + -6
0
Calculate -7 + 1 + 28 + -21.
1
What is (-1 - 0) + -2 + 6?
3
(-5 - (2 + -2)) + 9
4
What is the value of (-4 - (5 - 13)) + -2?
2
What is the value of (-24 - -9 - -9) + (1 - 0)?
-5
Calculate 2 + (4 - 6) + 0.
0
Calculate 9 - (7 + 1) - (3 + -1).
-1
What is the value of 17 - 18 - (-1 + 3)?
-3
Evaluate 0 - (3 + 1 + -4 + 5).
-5
What is -2 + 2 + -2 + (8 - 5)?
1
5 + (5 - 1) + -2
7
Evaluate 3 - (-1 - (6 + -5)).
5
Calculate -3 + (-3 - (1 + -7)) - -2.
2
What is the value of 3 + (10 - 19 - -8)?
2
What is the value of 2 + (-7 + 5 - (7 - 10))?
3
Evaluate -8 - (6 + 4 + -5 - 10).
-3
What is the value of -2 + -1 + 7 + -3 - 1?
0
Evaluate -7 + 5 + -5 + 5.
-2
Calculate -7 + 1 - (5 + -13).
2
What is the value of 7 + 4 + -4 + 5 + -3?
9
Calculate 1 - -11 - (-35 - -42).
5
Evaluate -4 - (-4 - -3 - 8) - 2.
3
-9 + (12 - -4) + -8
-1
Evaluate 2 + (-3 - (1 - 3) - 2).
-1
Evaluate (4 + -9 - (-1 + -1)) + 8.
5
18 - (9 + (3 - 2))
8
6 - (-4 + 9) - 1 - 1
-1
What is the value of (2 - 10) + 8 - -5?
5
Calculate -1 + 2 + 15 - (746 - 740).
10
What is the value of (-1 - 7) + (11 - (-7 - -16))?
-6
What is -2 + -3 + 2 - -5?
2
What is -3 + (-4 - -8) - -1?
2
Evaluate -1 + -20 - -8 - -5.
-8
Evaluate 5 + -6 + (6 - 11) + 5.
-1
What is the value of -10 - (-18 - -6 - -2)?
0
What is the value of (-2 - (-3 + 3)) + (2 - 0)?
0
Evaluate 0 + -7 + 14 - (2 + 0).
5
Evaluate -3 - (3 + -2 + -1).
-3
(1 - (4 + -12 + 3)) + -4
2
Evaluate -3 + 1 - (1 + -3).
0
What is -5 + 5 + 0 - (-7 - -3)?
4
What is the value of (1 - (-8 - -3 - -5)) + -6?
-5
What is -10 - ((0 + 2 - 5) + 1)?
-8
Evaluate 0 - ((-1 - (0 + -1)) + -5).
5
0 + 0 - (0 - -2)
-2
Evaluate (-32 - -31) + 1 + (12 - 3).
9
11 + -9 + -5 + 8 + -2
3
What is 1 - (0 + 2) - 2?
-3
(-2 - (1 - 1)) + (4 - -2)
4
What is the value of (4 - -4) + -16 + 8?
0
Evaluate (4 - (-3 - -2 - -2)) + -12.
-9
(-6 + -3 + 6 - -4) + -2
-1
(1 + 1 + 4 - 0) + -4
2
What is the value of 10 + (-26 - -8) - -5?
-3
What is the value of (4 - (10 + -4)) + 1 + 2?
1
What is the value of (2 - (-1 - -1)) + -25 + 26?
3
What is the value of -3 - (2 - 10) - 4?
1
Evaluate 1 + 10 + -4 - 4 - 2.
1
What is 0 + 7 + 3 + -6?
4
What is 12 - 9 - 7 - 4?
-8
What is 0 - (-1 + 1 + -3)?
3
Evaluate -6 + (-2 - -8) + -3 + -2.
-5
Evaluate (-7 - (0 - 4)) + 1.
-2
What is the value of -7 + (4 - (-8 - -9))?
-4
Calculate -2 + (3 - -1 - 1).
1
Calculate 1 - 4 - (7 + -3 - 5).
-2
Calculate -8 + 9 + 2 + -2.
1
Calculate (-4 - (-10 - -4)) + -4.
-2
What is the value of (-9 - -5) + (-1 - -2)?
-3
Evaluate (4 + -2 - -5) + -5.
2
What is -1 + 5 - (-46 - -45)?
5
5 + (5 - 7 - 0)
3
Calculate -2 + -4 - -2 - -6 - 8.
-6
What is the value of -4 - ((12 - 1) + -6 - 13)?
4
What is 16 + -24 + (-3 - -7) + 1?
-3
Evaluate (2 - 4) + 6 + -5.
-1
What is the value of -6 + (4 - 2 - -2) - -2?
0
What is the value of (6 - 4) + -6 + 1?
-3
Evaluate 1 + 5 + (-7 - -4).
3
What is the value of 6 - (-3 + 4 - -1)?
4
What is the value of 5 + (2 - 11) + 9?
5
-3 - (0 + 0 + (0 - 2))
-1
What is -12 + 16 - 18 - -22?
8
Evaluate 4 + (3 + -2 - (-9 + 8)).
6
What is 0 + (1 - (-3 + 6)) + -3?
-5
What is 0 - ((-2 - (-1 + -3)) + 1)?
-3
(7 - (-5 - -16)) + 5 + -4
-3
Calculate 0 + -2 - (0 + -3 + 2).
-1
(1 - -3 - (20 - 12)) + 0
-4
Evaluate 8 - (1 - ((3 - 5) + -6)).
-1
What is the value of 2 - (4 - 4 - (-2 + -3))?
-3
(-6 - -16) + (-7 - -3)
6
Evaluate (-1 - -14) + (2 - 10).
5
What is 32 + -33 + -4 + 1?
-4
Calculate 0 + -5 - (-7 + 1 + 3).
-2
What is -8 + 0 + (22 - 21)?
-7
What is the value of (2 - 2 - (0 - -1)) + -3?
-4
Calculate 2 + (2 - (4 + (-1 - 3))).
4
Evaluate -16 - -24 - (4 + 0).
4
What is the value of -2 + (4 - -1) - 5?
-2
Calculate (-7 - (-1 + -4)) + -2 + 5.
1
What is 0 + 6 + 1 + 2 + -1?
8
7 - (7 + 3 + -7)
4
9 - (4 + -5 + 4) - 0
6
-10 + 2 - (-4 + 2) - -4
-2
Evaluate 11 - ((6 - -2) + 2).
1
Evaluate -4 + 9 + 4 - 4.
5
17 + -13 - (-1 - -3)
2
Calculate (14 - 9) + 1 + -2.
4
Calculate (-38 - -35) + (11 - (0 + 0)).
8
0 - ((-1 - (2 - 0)) + 7)
-4
What is -4 - (1 + 1 + 2 - 4)?
-4
What is the value of -2 + -2 - (-7 + 3 + 4)?
-4
11 + (-2 + 4 - 4 - 3)
6
What is (-15 - -11) + (4 - 6)?
-6
Evaluate 1 + 0 + 2 + -7.
-4
What is (6 + -7 - -5) + -7 - -1?
-2
What is the value of 7 + 0 + (-4 - -4)?
7
4 + (-3 - -5) + 2
8
Evaluate 3 - (0 - 1) - (2 - -5).
-3
Evaluate -3 + 0 + -40 + 46.
3
(14 - (26 - 6)) + 10 + -2
2
Evaluate 0 + 4 + 1 + 35 + -42.
-2
What is 4 - (-1 - 6 - -7)?
4
What is the value of -9 - -5 - (-21 - -19)?
-2
Calculate 1 - 0 - -1 - (-2 - -3).
1
2 - (-4 + 5 - 3)
4
What is the value of (4 - (-2 + 13)) + 4?
-3
What is 6 + (-10 - -20) + -10?
6
What is -5 - (1 - 8) - 5?
-3
Calculate 3 + 5 + (2 - 11).
-1
Calculate 2 - (0 - (-3 - -1)).
0
What is the value of 9 + (12 - 16) + (4 - 2)?
7
What is the value of 0 + (-7 - -3) - 3?
-7
What is 0 - (-3 - -8 - 4)?
-1
Evaluate (-10 - -13) + 2 + -4 + -1.
0
Calculate -1 + -5 - 4 - -6 - -4.
0
(-6 - -1) + (10 - -7) + -4
8
Calculate 0 - (-18 - -13 - (0 - -4)).
9
What is the value of 7 - (21 + (-23 - -12))?
-3
-10 + 4 + 9 - -4
7
What is the value of (1 - (-3 + 6)) + -5 + 2?
-5
Calculate (1 - (-7 - -2 - -13)) + 12.
5
3 - ((2 + 0 - 4) + 6)
-1
Evaluate 2 + -1 + 6 + -3.
4
Evaluate (-1 - 2) + -2 + 2.
-3
Calculate (2 - 1) + (-61 - -61).
1
Calculate 0 + (2 - -7) - 4.
5
Calculate -2 + -1 + 0 - (0 + 0).
-3
-1 + 3 - (3 - -1)
-2
Calculate 4 + -6 - (2 + -2).
-2
Evaluate 3 + 2 + 0 + -3 + 0.
2
4 - (2 + -5 + 14)
-7
(3 + -3 - -2) + -2
0
Evaluate 2 + 0 + (28 - 29).
1
Evaluate 7 + -6 + -9 + 2.
-6
3 - (18 - 13) - 5
-7
-1 + 2 + (4 - (-6 - -7))
4
What is the value of 8 + -7 + 0 - -3?
4
What is the value of (-11 - 7) + 19 - (-1 + -1)?
3
Evaluate -28 + 29 - (1 - 0).
0
What is 9 + 17 + -14 + (-3 - 2)?
7
Calculate (8 - -4) + -6 + -13 - 1.
-8
What is -1 + 2 + (4 